f + 3280 = 0. Let a = v + -650. Let o(x) = x**3 - 10*x**2 + x - 2. Calculate o(a).
8
Let w(h) = -h**2 - 7*h + 4. Let k(v) = -5*v**2 - 31*v + 18. Let a be (684/912)/(((-18)/(-16))/3). Let u(r) = a*k(r) - 9*w(r). What is u(-3)?
-12
Let h(l) = l**2 - 11*l - 12. Let q = -149 - -129. Let v be -1*16/q + (-408)/(-40). What is h(v)?
-12
Let a(q) be the third derivative of -1/120*q**6 - 4*q**2 - 1/2*q**3 + 0 + 0*q + 0*q**5 + 1/12*q**4. Suppose -43*v + 44 = -21*v. What is a(v)?
-7
Suppose 3*w - 9 = 3*a, 54*a - 53*a - 1 = 0. Let j(h) be the second derivative of h**4/12 - 2*h**3/3 - h**2 - h. Give j(w).
-2
Let y = 6 + 59. Suppose -a - y = -6*a. Let c(o) = -6*o**2 + o**2 + 2 + o**3 + 6*o - a*o. Calculate c(6).
-4
Let v(r) = -2 - 117*r**2 + 6 + 2*r**3 - 3*r**3 + 41*r**2 + 78*r**2 - 5*r. What is v(2)?
-6
Suppose -38 - 34 = -12*c. Let d(s) be the first derivative of s**2/2 - 4*s - 6. Give d(c).
2
Let x = 98 + 185. Let u = x - 288. Let r(d) = d**3 + 7*d**2 + 3*d + 5. Determine r(u).
40
Let a(b) = -9*b**3 + 5*b - 6. Let u be a(2). Suppose -2*h - 69 = -h. Let w = h - u. Let x(p) = -9*p. Determine x(w).
9
Let u(g) = -3 + 12 + 2*g**3 - 3*g**3 + 10*g**2. Suppose 3*j + 3*i = 633, -426 = -5*j - 4*i + 626. Suppose -48*b = -272 - j. Calculate u(b).
9
Let f = -5 - -107. Let i(h) = 5*h + 115 - f - 4*h. Suppose 0 = -4*q - 4*k - k - 34, -2*q = 4*k + 20. What is i(q)?
7
Let l(y) = y**2 + 8*y + 4. Suppose 14*v - 12*v = 224. Suppose -10*z = -3*z - v. Let c(a) = a**2 - 15*a - 23. Let i be c(z). Determine l(i).
-3
Let k(r) = 15*r**2 + 2*r - 1. Let t = 174 - 173. Suppose 110*n - 109*n - t = 0. Calculate k(n).
16
Let l(o) be the third derivative of -o**6/120 - o**5/5 - 13*o**4/12 + o**3 + 2*o**2 - 9150*o. Give l(-9).
-3
Suppose -2*x = 6, 0*n - 2*n - 12 = 4*x. Suppose n*u + 10 = -u. Let l(d) be the first derivative of d**2/2 + 9*d - 8476. Determine l(u).
-1
Let y(w) = 943*w**2 - 96*w + 54*w - 952*w**2 + 3 + 50*w + w**3. Let m(k) = 2*k**2 + 6*k. Let v be m(-4). What is y(v)?
3
Let w(l) = -252*l - 17. Let h(x) = -73*x - 5. Let n(d) = 7*h(d) - 2*w(d). Let k = -2 + 1. What is n(k)?
6
Let f be 188/21 + 154/3234. Suppose 30 = 2*o + 3*o. Suppose -f*s - 30 = -o*s. Let x(l) = 2*l + 15. Determine x(s).
-5
Let l be 7 + (-25 + 13 - -6). Let g(z) = 2*z**3 + z - 1. What is g(l)?
2
Let b(k) be the third derivative of -k**5/30 - 11*k**4/24 + k**3/6 + k**2 + 868. Determine b(-7).
-20
Let a(f) be the second derivative of -2*f**2 + 14 + 1/6*f**4 - 5/6*f**3 - 8*f. Calculate a(-3).
29
Let g(f) = f**3 - 7*f**2 + 5*f - 16. Let v(t) = t**3 - 14*t**2 + 49*t - 461. Let h be v(13). What is g(h)?
19
Let i(a) = -a**3 - 6*a**2 - 2*a - 7. Let f(o) = -2*o + 1. Let v be f(-18). Let x(t) = 13*t - 4. Let r be x(-3). Let l = r + v. Determine i(l).
5
Suppose -185 - 711 = 128*z. Let g(t) = -t**2 - 8*t - 6. Calculate g(z).
1
Let u(y) = y**3 + 6*y**2 - 39*y + 8. Suppose 24 - 40 = t - 20. Give u(t).
12
Let l = 115 + -113. Let q(p) = -p + 0 - 4*p - p**l - p - 4. Give q(-4).
4
Let b(h) = h**3 - 109*h**2 + 3*h**2 + 33*h**2 + 29*h**2 + 40*h**2 + 12 - 7*h. Let i(v) = -v**3 + 4*v**2 + v + 1. Let d be i(4). Give b(d).
2
Let m(w) be the first derivative of w**3/3 + 2*w**2 - 7*w + 3085. Calculate m(1).
-2
Let v(h) = h**3 - 8*h**2 - 19*h + 9. Suppose 37*s + 142*s - 1571 - 219 = 0. What is v(s)?
19
Let f(i) = -35*i + 47. Let a(k) = 106*k - 133. Let h(d) = 2*a(d) + 7*f(d). What is h(2)?
-3
Let i = -2935 + 2942. Let x(j) = j**2 + j - 32. Determine x(i).
24
Let x(c) = -6*c + 9. Let k be (-20)/10 - (-11)/(77/(-28)). Calculate x(k).
45
Let y(w) = -43 - 4 + 5*w + 2 + 15 + 4. What is y(7)?
9
Let q(b) = b**2 - 11*b - 1. Let c be (4 - 0) + (4/(-10))/((-68)/1020). Determine q(c).
-11
Suppose 0 = 5*a + 5*w + 105, 0 = -11*a - 3*w - 203 - 60. Let v(s) = 3*s + 79. Determine v(a).
4
Suppose 3 + 2 = c. Let f(x) = -c - 20*x**2 + 49*x**2 + 4*x - 30*x**2. Give f(6).
-17
Suppose 54*g - 136*g + 410 = 0. Let i(y) = y**3 - 5*y**2 + 4*y + 3. What is i(g)?
23
Let v = 520 + -517. Suppose -3 = 3*u - 3*b, 0 = -v*u - 5*b + 9*b - 2. Let c(z) = 2*z - 1. Determine c(u).
-5
Let p = -3986 - -3992. Let u(w) = 5*w + 2. Give u(p).
32
Let b(p) be the first derivative of 2*p**3/3 - p**2 + 4*p + 343. Determine b(3).
16
Let k = -27 + 17. Let x(y) = -y**3 + 13*y**2 - 6*y - 22. Let f(n) = -5*n**3 + 54*n**2 - 22*n - 97. Let w(r) = -2*f(r) + 9*x(r). Give w(k).
-4
Let b = -56 + 59. Let d(g) = 0 + b*g - 6 - 4*g**2 - g**3 - 1. Calculate d(-5).
3
Suppose 105 = -9*a + 2*a. Let t(v) = v + 40. Let w be t(a). Let f = w - 22. Let s(h) = -2*h - 3. Calculate s(f).
-9
Let g(o) = -33*o - 3. Let z(v) = 94*v + 8. Let f(p) = 17*g(p) + 6*z(p). Calculate f(0).
-3
Let b(a) = 7*a**3 + 56*a**2 - 21*a - 166. Let v be b(-8). Let i(n) be the first derivative of 0*n**v + 13 - n - 10/3*n**3. What is i(1)?
-11
Let i(s) be the third derivative of -7*s**5/60 + 31*s**2. Let o = 15 - 11. Suppose 6*u - 2*u - 16 = 4*p, 0 = -o*u - 4*p - 8. Determine i(u).
-7
Let k(c) = 3846 - 7660 + 11*c + 3832. Determine k(11).
139
Let k(q) = 13*q + 67. Let o = 13072 + -13076. Determine k(o).
15
Let p(b) = 3 + 1912901*b - 5*b**2 - 4 - 1912906*b - 4. What is p(-1)?
-5
Let g be (2/4)/((-22)/(-39864)). Let s be 41/13 - 10/65. Let l(z) = -z**s + 901*z**2 + 0*z**3 - 5 + 3*z - g*z**2. Determine l(-6).
13
Let h(b) be the third derivative of b**6/120 + 7*b**5/60 - 5*b**4/4 + 11*b**3/6 - 3319*b**2. Give h(-10).
11
Let p(l) = 16*l**2 - 9*l - 9. Suppose 105 = -240*z + 135*z. What is p(z)?
16
Let w(u) be the third derivative of -u**6/120 - u**5/4 - 2*u**4/3 - 19*u**3/6 - u**2. Let y = 4815 - 4829. What is w(y)?
9
Let c(z) be the first derivative of z**3/3 - 2*z**2 + 6*z - 705. Determine c(6).
18
Let o(d) be the first derivative of 8*d - 1/4*d**4 + 9/2*d**2 - 172 - 2*d**3. Determine o(-7).
-6
Let p(c) = 10*c**2 + 9*c + 10. Let x(n) = 3 + 7*n**2 - 9*n**2 - 12 - 3*n**2 - 9*n - 2*n**2. Let d(r) = 2*p(r) + 3*x(r). Suppose 5*h = -0*h - 40. What is d(h)?
1
Suppose -6 = r - 2. Let i(f) = -f**2 - 14*f + 4. Let q(t) = -6*t**2 - 79*t + 22. Let d(j) = 11*i(j) - 2*q(j). Determine d(r).
0
Let j(z) = 4*z**3 + 17*z + 2 - 9*z**2 - 7*z - 3*z**3. Suppose 255 = -74*h + 773. What is j(h)?
-26
Let v be (-1)/3 - (-28)/(-6). Let q(m) = -7*m**2 - 22*m - 1308. Let l(y) = 3*y**2 + 10*y + 524. Let d(n) = -5*l(n) - 2*q(n). Calculate d(v).
1
Let r(y) be the second derivative of -y**5/20 + y**4 - 5*y**3/6 - 2*y**2 + 997*y. Calculate r(12).
-64
Let r(n) = n + 16. Let x(o) = 6*o + 6. Let i be x(-5). Let y be (56/i)/((-1)/3). Suppose -3*s = -4*v + y + 5, -2*s - v + 3 = 0. Determine r(s).
16
Let o(d) be the first derivative of -d**3/3 + 17*d**2/2 - 24*d - 1252. Determine o(16).
-8
Let o(a) = -3*a**3 + 14 + 38*a**2 + 18 - 22*a + 6. Let j = 3837 + -3834. Let q(v) = -v**3 + 13*v**2 - 7*v + 13. Let f(w) = j*o(w) - 8*q(w). Determine f(9).
1
Let u(r) be the third derivative of -r**5/60 + 5*r**4/12 - r**3 + 7*r**2 - 9. Let t(b) = b**2 + 6*b + 10. Let x be t(-6). Suppose 0 = -y + 2*y - x. Give u(y).
-6
Let b be 0 + 128/(-50 - -18). Let c(m) be the first derivative of 2*m**3/3 + 3*m**2 + m + 1. Determine c(b).
9
Let h(r) be the third derivative of r**5/60 - r**4/8 - 5*r**2. Suppose -23*j + 132 = -75. Let u(o) = -o + 6. Let t be u(j). Give h(t).
18
Let j(h) = -14*h + 6 + 28*h**2 - 15 - 40*h + 35 - 25*h**2. Determine j(17).
-25
Let s be ((-18)/(-8))/(3/((-72)/(-3))). Suppose s + 18 = -6*r. Let m(z) = -z**2 - 7*z - 5. Determine m(r).
1
Suppose -o = -2*o - 6. Let n(f) = f**3 + 31*f**2 + 56*f - 56. Let a be n(-29). Let r(l) = -93*l**2 + 54*l**2 - 6*l + 1 + 38*l**a. What is r(o)?
1
Let t(d) = -d**3 + 5*d**2 + 173*d + 8. Let w(r) = -2*r**3 + 10*r**2 + 316*r + 15. Let i(l) = 11*t(l) - 6*w(l). What is i(3)?
1
Let k(w) = -2*w**3 + 13*w**2 - 4*w - 18. Let j be k(6). Let u(o) = -o**3 - 5*o**2 + 11*o + 25. Determine u(j).
-5
Suppose 111*j - 4 = 109*j. Let g(x) = -7*x**2 + 8*x**2 - 8*x**j + x + 21*x**2. Determine g(-1).
13
Let s(q) = q**3 - 9*q**2 - 3*q + 20. Let c = -380 + 323. Let n = c + 66. What is s(n)?
-7
Suppose -h - 5*p + 35 = 4*h, -5*p + 25 = 0. Let i(z) = 188 + 191 - 379 - z. Give i(h).
-2
Let v(o) = -o**2 - 31 + 27 + 11061*o**3 + o - 11060*o**3 - 2*o. Suppose 0 = 5*p - 2*p - 9. What is v(p)?
11
Let x(i) be the first derivative of -i**4/4 - 3*i + 12365. Give x(-2).
5
Suppose 4*l